094912250?
True
Is 635585317 a multiple of 551?
False
Is 12 a factor of 67793497?
False
Is 85833057 a multiple of 7?
False
Is 5605095 a multiple of 1385?
True
Is 2208180 a multiple of 228?
True
Is 159716706 a multiple of 43?
True
Is 80956050 a multiple of 204?
False
Does 571 divide 1760747020?
True
Does 23 divide 71344942?
True
Is 25126903 a multiple of 479?
True
Is 150 a factor of 276217921?
False
Does 217 divide 29895196?
False
Does 332 divide 536111940?
True
Does 37 divide 43185031?
True
Does 302 divide 457287796?
True
Does 11 divide 16020480?
False
Is 96 a factor of 1080213792?
True
Is 20124381 a multiple of 5?
False
Is 19491134 a multiple of 157?
False
Is 553 a factor of 38642773?
False
Does 15 divide 7579368?
False
Is 587647453 a multiple of 92?
False
Is 2066948475 a multiple of 75?
True
Is 56451940 a multiple of 250?
False
Is 26982278 a multiple of 12?
False
Does 175 divide 141628657?
False
Does 5237 divide 2625580424?
True
Does 23 divide 778655334?
False
Is 14615725 a multiple of 31?
True
Is 70145768 a multiple of 1012?
True
Is 34 a factor of 247005716?
True
Is 2140166832 a multiple of 48?
True
Is 838173778 a multiple of 34?
False
Is 9321504 a multiple of 6?
True
Is 1952946640 a multiple of 16?
True
Is 7687403 a multiple of 67?
False
Is 467862200 a multiple of 1300?
True
Does 1280 divide 767875193?
False
Does 4483 divide 203456472?
True
Is 18 a factor of 14700978?
True
Is 26860630 a multiple of 561?
False
Is 325 a factor of 27512127?
False
Is 467087999 a multiple of 69?
False
Is 3977 a factor of 352290260?
False
Does 9 divide 17885474?
False
Does 3 divide 13597747?
False
Does 10 divide 70442025?
False
Is 15 a factor of 2845425?
True
Does 8 divide 3419503010?
False
Is 103593288 a multiple of 69?
True
Is 1379280526 a multiple of 1418?
False
Is 49232710 a multiple of 200?
False
Is 2087605 a multiple of 1100?
False
Is 361 a factor of 4880073?
False
Does 2028 divide 193878828?
True
Does 13 divide 533980992?
False
Does 8 divide 448447?
False
Does 598 divide 5133492?
False
Is 197 a factor of 732936803?
False
Does 389 divide 10504757?
False
Is 390 a factor of 41794740?
True
Is 408 a factor of 882686937?
False
Does 17 divide 251953399?
False
Is 81403372 a multiple of 20?
False
Is 13 a factor of 244581361?
False
Does 2113 divide 1349596343?
True
Is 51 a factor of 15546745?
False
Is 7 a factor of 97605512?
False
Does 25 divide 969790402?
False
Does 38 divide 21601176?
True
Is 1979 a factor of 3009386140?
True
Is 29 a factor of 12312409?
False
Is 16 a factor of 505949502?
False
Is 5 a factor of 43693940?
True
Is 348 a factor of 2261967291?
False
Is 2043 a factor of 744853284?
True
Is 23784749 a multiple of 3?
False
Does 158 divide 425097736?
True
Is 89 a factor of 784333237?
True
Is 775444385 a multiple of 40?
False
Does 16 divide 130598704?
True
Is 22253360 a multiple of 80?
True
Is 4 a factor of 275527099?
False
Does 64 divide 90372416?
True
Is 104259807 a multiple of 9?
True
Does 781 divide 4416643623?
False
Is 11 a factor of 440255588?
False
Is 45731790 a multiple of 258?
True
Is 1775619863 a multiple of 1273?
True
Is 32 a factor of 338687667?
False
Is 34 a factor of 39236728?
False
Is 26 a factor of 936188?
False
Is 24 a factor of 19865847?
False
Does 7151 divide 1171247988?
True
Does 104 divide 310242400?
True
Does 757 divide 735136830?
False
Does 867 divide 3822633814?
False
Is 1194 a factor of 762457356?
True
Does 2223 divide 50068629?
True
Does 8283 divide 438001366?
False
Is 1699538011 a multiple of 8?
False
Does 222 divide 167190864?
True
Does 19 divide 8854342?
True
Does 4 divide 69827483?
False
Is 5190588 a multiple of 156?
True
Does 483 divide 117171509?
False
Does 476 divide 2565301088?
True
Is 32418056 a multiple of 88?
True
Is 43 a factor of 30312592?
True
Is 27 a factor of 16633975?
False
Is 38840410 a multiple of 254?
True
Is 28 a factor of 16680364?
False
Is 291777274 a multiple of 7197?
False
Is 105275280 a multiple of 2640?
True
Is 1688 a factor of 359184456?
True
Does 162 divide 733002070?
False
Is 45295847 even?
False
Is 121938336 a multiple of 48?
True
Is 12 a factor of 195983832?
True
Does 372 divide 426375545?
False
Is 89191883 a multiple of 11?
True
Does 636 divide 143462520?
True
Is 186 a factor of 11100940?
False
Is 317525464 a multiple of 734?
True
Is 366896878 a multiple of 113?
False
Does 82 divide 53872196?
True
Is 125167321 a multiple of 9?
False
Is 1260 a factor of 342813663?
False
Does 107 divide 112108929?
True
Does 80 divide 3758671?
False
Does 131 divide 298218444?
False
Does 10 divide 21144580?
True
Is 22029858 a multiple of 72?
False
Is 91 a factor of 1312051670?
False
Does 50 divide 6327690?
False
Does 116 divide 2909617979?
False
Is 716 a factor of 10155165?
False
Does 56 divide 117562424?
True
Is 955 a factor of 24123300?
True
Is 25 a factor of 8022650?
True
Is 180 a factor of 422288731?
False
Does 257 divide 219706470?
False
Is 5 a factor of 15223659?
False
Is 85 a factor of 33180260?
True
Is 403196122 a multiple of 2431?
False
Is 40309493 a multiple of 757?
True
Is 17 a factor of 268268738?
True
Is 3 a factor of 7726467?
True
Is 2 a factor of 56588800?
True
Is 27 a factor of 358013742?
False
Is 11 a factor of 15719623?
False
Does 18 divide 118048504?
False
Is 317 a factor of 5680418?
False
Does 439 divide 30680393?
True
Is 1144631865 a multiple of 15?
True
Does 30 divide 4900342?
False
Is 523762380 a multiple of 1665?
True
Is 793221978 a multiple of 134?
True
Is 62670960 a multiple of 30?
True
Does 9 divide 15843354?
False
Does 3576 divide 4402864176?
True
Is 25025316 a multiple of 373?
True
Is 51 a factor of 53364513?
True
Does 62 divide 7623706?
True
Is 15281963 a multiple of 67?
True
Does 192 divide 4707148800?
True
Is 25 a factor of 2468912617?
False
Does 924 divide 107650620?
True
Is 17 a factor of 143388017?
False
Does 1314 divide 89337546?
True
Does 4440 divide 11868120?
True
Is 3024 a factor of 1839699099?
False
Is 18893355 a multiple of 39?
True
Is 596277019 a multiple of 137?
True
Does 32 divide 38344480?
True
Is 9 a factor of 156464558?
False
Does 43 divide 22394432?
False
Is 4279 a factor of 340017898?
True
Does 107 divide 359062682?
True
Does 1331 divide 3794783487?
True
Is 22479891 a multiple of 91?
False
Is 328 a factor of 21650952?
True
Is 1132 a factor of 644108?
True
Is 47466952 a multiple of 26?
True
Is 821 a factor of 119626268?
True
Is 27338925 a multiple of 3805?
True
Is 2681301073 a multiple of 151?
False
Is 149790519 a multiple of 2434?
False
Is 766 a factor of 46099412?
True
Is 12 a factor of 590810808?
True
Is 1959 a factor of 307760027?
False
Is 652361030 a multiple of 5?
True
Is 16 a factor of 4071545552?
True
Is 153699521 a multiple of 1535?
False
Is 21 a factor of 12540822?
True
Does 51 divide 326096805?
True
Is 1110177485 a multiple of 265?
True
Is 23453370 a multiple of 85?
True
Does 29 divide 189950016?
False
Does 1189 divide 53010943?
False
Is 27 a factor of 46577592?
True
Is 96590266 a multiple of 4?
False
Is 93 a factor of 112698888?
True
Is 27807879 a multiple of 26?
False
Does 19 divide 74037874?
False
Is 19 a factor of 3880635430?
True
Is 19 a factor of 5940088902?
True
Is 2952966933 a multiple of 21?
True
Is 114289712 a multiple of 376?
True
Is 5723730 a multiple of 9?
True
Does 12 divide 2766524?
False
Is 137657225 a multiple of 21?
False
Does 25 divide 97141575?
True
Does 409 divide 101188645?
True
Does 335 divide 432711460?
True
Does 162 divide 455453398?
False
Is 1086177 a multiple of 1515?
False
Is 267279950 a multiple of 1190?
True
Is 635 a factor of 9003231?
False
Is 38 a factor of 69774093?
False
Is 1380 a factor of 1355194858?
False
Is 3348634397 a multiple of 1867?
True
Is 115 a factor of 72831110?
True
Is 169 a factor of 51096832?
False
Is 94 a factor of 13052558?
True
Does 747 divide 10754646?
False
Is 58544396 a multiple of 3?
False
Is 50935074 a multiple of 61?
False
Does 59 divide 1861243500?
True
Is 27908958 a multiple of 42?
True
Is 321916183 a multiple of 11?
False
Does 57 divide 60190917?
True
Is 5450042967 a multiple of 47?
True
Is 23 a factor of 168313356?
True
Does 73 divide 93478336?
False
Is 26 a factor of 3048985992?
True
Is 90740 a multiple of 33?
False
Does 8 divide 339611831?
False
Is 50 a factor of 11465200?
True
Is 285 a factor